 = 0 - 12145*f + 12143*f - 10. Determine i(x).
8
Let c(f) = -176*f + 56 + 84*f + 109*f - f**2 + 0*f**2. Calculate c(20).
-4
Let u(h) = h + 26*h + 11*h. Let b(k) = k**2 + 6560*k - 1. Let v be b(0). Determine u(v).
-38
Suppose 0 = 3*z + 4*k + 16, -5*z = -35*k + 37*k + 8. Let x(r) = -r**2 + r - 60. Determine x(z).
-60
Let t be ((-2)/5)/(14/70)*55/22. Let j(i) = i**3 + 8*i**2 + 12*i + 5. Calculate j(t).
20
Let j(z) = -z**3 + 11*z**2 + 16*z - 49. Let x be j(12). Let y(s) = 58*s + 52. Let k be y(x). Let w(v) = v**2 + 9*v + 21. What is w(k)?
3
Let t be 1/(-6) - 65/60*-2. Let r(m) = 3*m**3 + 2*m**2 - 1. Let o be r(t). Let y = o - 35. Let f(i) = -i**3 - 3*i**2 + 2*i - 3. Determine f(y).
5
Let j be -3 + 38/10 - (0 + (-189)/45). Let a(s) = -104*s + 522. Calculate a(j).
2
Let z(i) = 8*i**2 + 156*i + 26. Let h(x) = 3*x**2 + 54*x + 9. Let v(f) = -14*h(f) + 5*z(f). Calculate v(10).
44
Suppose -3*z + 53 + 43 = 0. Let s be z + -33 + 0 + 0 + 4. Suppose 4*h = s*n, 2*n - 3*h - 3 = -2. Let p(r) = r**3 + 5*r**2 + 3*r - 5. Calculate p(n).
-1
Let p = 9870 + -9883. Let o(i) = -4*i - 27. Calculate o(p).
25
Let o be 0 + (2 - 5)/(3/5). Let s be (4/(3 - o))/((-1)/(-6)). Let a(m) = m**2 - 4*m + 7. Calculate a(s).
4
Let z(f) = -1 - f + 3*f + 4 - 10*f. Suppose -32*r + 37*r - 6 = 2*d, 4*d = r + 6. Calculate z(r).
-13
Suppose -l = 4*u + 2*l - 64, -l = 0. Let s(r) = -599*r**3 - 10*r**2 + 303*r**3 + 297*r**3 - 4 + 3*r**2 + 5*r + u. Determine s(6).
6
Let k(q) = -5*q**2 - 5*q + q**2 + 4 + 2*q + 3*q**3 - 2*q**3. Let v = -1701 - -1705. Give k(v).
-8
Let s(k) = -33*k**2 - 111*k + 83. Let n be s(-4). Let o(b) = -4*b + 14*b**2 - 4*b**2 + 3*b. Determine o(n).
11
Let h(k) be the first derivative of k**3/3 - 19*k**2/2 + 49*k - 656. Determine h(16).
1
Let j(d) = -9 + 917*d**2 - 465*d**2 - 453*d**2 - 13*d + 3. Determine j(-12).
6
Let i(r) = 2*r**2 + 3*r - 4. Suppose 142*t - 80 = 140*t. Suppose -19*s + 78 = t. Calculate i(s).
10
Let t(k) = 16*k - 19*k**3 + 883*k**2 - 21 - 890*k**2 + 18*k**3. Calculate t(-9).
-3
Suppose 2*x = 5*a - 8, 2*a - 824 = 4*x - 808. Let q(s) be the second derivative of -1/20*s**5 - 1/6*s**4 + a - 2*s**2 + 1/2*s**3 - 17*s. Calculate q(-3).
-4
Let o be 0 - 4 - (-8 - 0). Suppose 149 + 39 = o*y. Let f = -50 + y. Let v(q) = -2*q**2 - 2*q + 3. What is v(f)?
-9
Let j(k) = 5672 - 2813 - 2818 + 8*k. Determine j(-6).
-7
Let i be ((-60)/28)/5 - 5701/(-7). Let h(j) = -807*j**2 - 10*j - i*j**2 + 12 + 1622*j**2. What is h(9)?
3
Let s(w) = 805*w - 6433. Let r be s(8). Let y(o) = -o**3 + 6*o**2 + 11*o - 6. Calculate y(r).
22
Let h(n) = -n**2 + 2*n + 11. Let y be h(8). Let p = y - -39. Suppose -f - p*s - 25 = 4*f, -5*f = -s + 10. Let i(z) = -z**3 - 5*z**2 - 2*z - 1. What is i(f)?
-13
Suppose 70 = 36*p - 144 - 74. Let i(t) = 4*t - 18. Determine i(p).
14
Let d(w) = 2*w**3 - 35*w**2 - 18*w - 8. Let h = -8277 + 8295. Calculate d(h).
-8
Let w(l) = l**3 + 2*l**2 + 4*l + 2. Let n = -2423 + 2419. Give w(n).
-46
Let a(r) = -r**2 - 10*r. Let u be 51 - -5 - (4 + -8). Let d be (-4)/((u/8)/15). Give a(d).
16
Let q = -9529 + 9526. Let k(x) = -3*x**2 - x + 3. Give k(q).
-21
Let j(p) = p**2 - 8*p. Let r = 134 + -104. Suppose -82 = -14*h + r. What is j(h)?
0
Let b(c) = 3*c + 52. Suppose -475 - 22 + 74 = 47*w. What is b(w)?
25
Let s(q) be the second derivative of q**5/20 - 4*q**4/3 + 7*q**3/3 + 13*q**2/2 + 68*q. Let c be s(15). Let h(u) = -3*u**2 - u + 1. What is h(c)?
-9
Suppose -3*a = -5*y + 7, -4*a + 11 = 4*y - a. Let s(z) = -z - 2*z + y*z + 62 + z**2 - 64. Determine s(3).
4
Let w(y) = 2*y - 2. Let r be w(4). Let x = -114 - -116. Let o(s) = -x + 0 + s - 483*s**2 + s**3 + 477*s**2. Determine o(r).
4
Suppose 3*k = -4*x + 19, 2*x - 10*k = -11*k + 7. Let n(f) = 4. Let u(q) = -q - 4. Let b(i) = x*u(i) + n(i). Give b(5).
-5
Let n(u) = 7*u**2 + 11*u - 20. Let p be n(3). Let h(w) = 71 + 2*w - w**2 - p - 4*w + 5*w. Give h(5).
-15
Suppose -3*a = 2*a. Let v(i) = i + 2 + 1 - 2*i + a*i. Suppose 5*p + 20 = -5*k, p + 7*k = -4*p - 14. Determine v(p).
10
Let p(i) = -2*i**3 + i**2 - 2*i. Suppose z = 5*z - 5*s + 1, -s - 1 = -z. Suppose -z*n - 2 = -5*n. Calculate p(n).
24
Suppose -480 + 10239 = 3*w. Let d(n) = -1626*n - 1628*n + w*n. Determine d(0).
0
Let c(u) be the second derivative of -u**5/20 - 5*u**4/6 + 5*u**2/2 + 4*u. Suppose -141 = 2*q - 3*q + 3*z, q + z - 121 = 0. Let r = -136 + q. Calculate c(r).
5
Let t(k) = -10 + 37*k**2 - 81*k - 56 + 13*k - k**3. Let g be t(35). Let q(h) = -h**2 + 7*h - 5. Determine q(g).
7
Suppose 6*z - 8*z - 8 = 0. Let u(n) = 25*n + 7. Let v(t) = -18*t - 5. Let h(r) = 5*u(r) + 7*v(r). Determine h(z).
4
Suppose -2897*f = -2887*f - 20. Let c(z) = -5*z**2 + 8*z - 9. Determine c(f).
-13
Let h(o) = -o + 133. Let a(g) = -11*g - 825. Let r(v) = a(v) + 4*h(v). Calculate r(-19).
-8
Let m(u) = -u**3 + 22*u**2 + 15*u + 14. Let d(y) = -4*y**3 + 67*y**2 + 42*y + 39. Let o(s) = -2*d(s) + 7*m(s). Give o(-19).
-18
Let p(r) = 7*r**2 - 33*r - 57. Let b(u) = -6*u**2 + 31*u + 53. Let y(z) = 6*b(z) + 5*p(z). Calculate y(21).
33
Let v(l) = l**2 - 3*l - 102. Let a = -1862 - -1853. Calculate v(a).
6
Let k(o) be the second derivative of -o**5/20 - 3*o**4/2 - o**3/6 + 7*o**2/2 - 12*o + 62. Determine k(-18).
25
Let k(f) = 63*f + 4. Let y(b) be the third derivative of -29*b**4/24 - b**3/3 + 76*b**2. Let t(z) = -6*k(z) - 13*y(z). Calculate t(-3).
5
Let r(k) = -k**2 + 8*k - 5. Let j be (99/11 - 8)*1. Give r(j).
2
Let a(h) = -h**3 + 4*h**2 + 8*h - 9. Let d be (-5)/((-35)/29) + (-660)/(-84) + -8. Give a(d).
23
Suppose 27*l - 29*l = -14. Let c(g) = 6*g**2 - 1 + 2 + 15*g**2 - l*g**2. Determine c(-1).
15
Let o(n) be the first derivative of -n**4 - 2*n**3/3 + 9*n**2/2 + 9*n + 41. Let d(y) = 9*y**3 + 3*y**2 - 19*y - 18. Let m(l) = 3*d(l) + 7*o(l). Determine m(-6).
9
Let h be ((-4567)/11 - 4/(-22))/1. Let x = h + 416. Let i(q) = -23*q**2 + 1. Give i(x).
-22
Suppose -6*s + 3*s = 2*p + 2, 0 = 5*p - 2*s - 14. Suppose 0 = -2*v - p*v - 24. Let n(y) = -2*y + 3. What is n(v)?
15
Let u(f) = f**2 - 18*f + 1. Let y be u(-5). Let q = y - 119. Let b(v) be the second derivative of v**5/20 + v**4/4 + 2*v**3/3 + v**2 - 4*v. Determine b(q).
-10
Suppose -228*a + 232*a = 0. Suppose a = 195*v - 205*v - 30. Let u(k) = 4*k**2 + 2*k - 3. What is u(v)?
27
Let o(m) = m**2 + m - 2. Let v be 22/(6/2 + -1). Suppose -6*i = -v*i + 15. Suppose i*p + 3*b = -9, 4*p - 5*b + 4 = -b. Calculate o(p).
0
Let j(z) = 3*z - 28. Suppose -2*h + 5*h = -b + 19, 0 = 5*b + h - 39. Let o be j(b). Let m(q) = -q**2 - 7*q - 3. Calculate m(o).
-3
Let s(h) be the third derivative of -h**6/120 + h**5/30 + h**4/4 - 2*h**3/3 - 8989*h**2. Let t(k) = k**2 + 3*k - 6. Let w be t(-5). What is s(w)?
-12
Let x(h) = h + 11. Let m be x(-3). Suppose 4*l - m*l - 8 = 5*w, -4*w = 0. Let q(t) = -5*t + 1. What is q(l)?
11
Let s be (-33)/(-6) + (-2 + 4)/(-4). Suppose 3*a = 5*c + 10 - 34, -2*a + 9 = s*c. Let z(g) = 7*g - 4. Give z(c).
17
Let m(l) = 16*l. Suppose 3*k + 2380 = 2*x + 3*x, -4*x + k + 1897 = 0. Let w = x + -474. Calculate m(w).
-16
Let c(t) = 2 + 0*t**3 + t**3 - 3 + t**3. Let v(s) = 17*s - 199. Let g be v(12). Suppose 5*y + g*x - 10 = x, x - 3 = -y. Give c(y).
-17
Let v(y) = 7*y - 38. Let d be v(6). Let t(z) be the third derivative of z**6/120 - z**5/20 - z**4/8 - z**3/2 - z**2 - 79*z. What is t(d)?
1
Let z(h) = -h + 28. Suppose 1296 = 14*a - 468. Suppose 85*n = 71*n + a. What is z(n)?
19
Let y(o) be the third derivative of o**5/60 - o**4/3 - o**3/6 - 107*o**2. Let v = 53 - 46. Determine y(v).
-8
Let r(x) be the first derivative of x**4/4 + 2*x**3/3 - 9*x**2/2 - 9*x - 396. Give r(-2).
9
Let i(o) be the first derivative of o**5/60 + o**4/8 - o**3 + o**2 - 45. Let a(t) be the third derivative of i(t). What is a(-8)?
-13
Let w(g) = g**2 - 6*g - 6. Let o be -3*2*((-1)/(-2) + -1). Suppose 3*a - 320 = -3*l - 2*l, o*l - 3*a = 168. Let p = l - 54. Calculate w(p).
1
Suppose -514 - 88 - 76 = -226*l. Let f(o) be the first derivative of 1/2*o**2 - 4*o + 4/3*o**3 + l - 1/4*o**4. What is f(4)?
0
Let w be (-2410)/15 + 10/15. Let j = w - -166. Let v(g) = 8*g - 13. Let r(s) = -7*s + 12. Let c(b) = -6*r(b) - 5*v(b). Determine c(j).
5
Let x(d) = d**2 - 3. Let l be (0 - 1)*-12*(-2)/(-8). Suppose 7*i - 8*i - 12 = 3*a, -12 = -2*i + l*a. Determine x(i).
-3
Let r(q) be the third derivative of q**4/24 - 